9728223
List the prime factors of 499443614.
2, 19, 59, 89, 2503
List the prime factors of 113481103.
17, 23, 290233
What are the prime factors of 700975763?
1871, 374653
List the prime factors of 56744337.
3, 13, 1454983
What are the prime factors of 295412541?
3, 127, 775361
List the prime factors of 47680187.
47680187
List the prime factors of 526178070.
2, 3, 5, 11, 61, 8713
List the prime factors of 121657852.
2, 30414463
What are the prime factors of 2801440?
2, 5, 17509
What are the prime factors of 3728303215?
5, 7, 13, 19, 431267
List the prime factors of 60976730.
2, 5, 101, 60373
List the prime factors of 463499464.
2, 1301, 44533
What are the prime factors of 2844961992?
2, 3, 39513361
What are the prime factors of 401396208?
2, 3, 313, 26717
What are the prime factors of 1008828859?
15641, 64499
What are the prime factors of 180825019?
43, 4205233
What are the prime factors of 1249492191?
3, 1279, 325643
List the prime factors of 27090891.
3, 829, 3631
List the prime factors of 119533527.
3, 257, 51679
What are the prime factors of 137824776?
2, 3, 467, 4099
List the prime factors of 5187610657.
5187610657
What are the prime factors of 2850470188?
2, 937, 760531
List the prime factors of 550882851.
3, 491, 373987
What are the prime factors of 410310669?
3, 136770223
What are the prime factors of 7369689374?
2, 3684844687
What are the prime factors of 1027208734?
2, 1667, 308101
List the prime factors of 1470606436.
2, 13, 28280893
List the prime factors of 840582610.
2, 5, 7, 19, 23, 27479
What are the prime factors of 82448130?
2, 3, 5, 17, 41, 3943
What are the prime factors of 27442679?
11, 226799
List the prime factors of 133539765.
3, 5, 8902651
List the prime factors of 208412876.
2, 7, 31, 34301
List the prime factors of 3440308402.
2, 16127, 106663
List the prime factors of 694326030.
2, 3, 5, 23144201
List the prime factors of 40921466.
2, 43, 475831
What are the prime factors of 1469887049?
37, 61, 651257
What are the prime factors of 301608909?
3, 7, 1753, 2731
List the prime factors of 2204119671.
3, 13, 43, 79, 127, 131
What are the prime factors of 1150623583?
1150623583
List the prime factors of 66471798.
2, 3, 113, 98041
List the prime factors of 186455969.
7, 197, 135211
What are the prime factors of 722835600?
2, 3, 5, 463, 1301
List the prime factors of 418450934.
2, 11, 19020497
List the prime factors of 15485440.
2, 5, 23, 263
List the prime factors of 3024171363.
3, 10193, 98897
What are the prime factors of 47504339?
137, 2531
List the prime factors of 425581430.
2, 5, 1051, 40493
What are the prime factors of 1119266009?
17, 823, 79999
List the prime factors of 81597377.
641, 127297
List the prime factors of 2513599408.
2, 157099963
List the prime factors of 207144735.
3, 5, 7, 1972807
List the prime factors of 1249444553.
7, 31, 5757809
What are the prime factors of 54042646?
2, 7, 3860189
List the prime factors of 545878715.
5, 41, 139, 19157
What are the prime factors of 1405537649?
521, 2697769
What are the prime factors of 3705513034?
2, 1852756517
List the prime factors of 234148014.
2, 3, 13008223
List the prime factors of 46291105.
5, 7, 29, 59, 773
List the prime factors of 933696096.
2, 3, 9726001
What are the prime factors of 2718222753?
3, 906074251
List the prime factors of 43714543.
127, 344209
What are the prime factors of 30747425?
5, 1229897
What are the prime factors of 7582352271?
3, 13, 194419289
List the prime factors of 301138373.
301138373
List the prime factors of 8959661.
37, 103, 2351
List the prime factors of 5832554755.
5, 37, 31527323
What are the prime factors of 35881709?
19, 569, 3319
List the prime factors of 475474030.
2, 5, 127, 374389
List the prime factors of 523469293.
5569, 93997
What are the prime factors of 122534993?
7, 43, 53, 7681
What are the prime factors of 1512983155?
5, 302596631
List the prime factors of 1157736.
2, 3, 48239
What are the prime factors of 16000413?
3, 11, 13, 19, 151
What are the prime factors of 11348256?
2, 3, 118211
List the prime factors of 2468109330.
2, 3, 5, 31, 229, 3863
List the prime factors of 499467605.
5, 7, 13, 71, 15461
List the prime factors of 674534164.
2, 719, 234539
What are the prime factors of 707547220?
2, 5, 29, 1219909
What are the prime factors of 162065358?
2, 3, 7, 13, 163, 607
List the prime factors of 88198291.
88198291
What are the prime factors of 116859958?
2, 58429979
List the prime factors of 305407.
305407
What are the prime factors of 101475822?
2, 3, 7, 17, 142123
List the prime factors of 32575015.
5, 11, 23, 2341
What are the prime factors of 90198217?
47, 263, 7297
List the prime factors of 907278243.
3, 113, 2676337
List the prime factors of 383067369.
3, 23, 641, 2887
List the prime factors of 2761244540.
2, 5, 19, 7266433
List the prime factors of 85528504.
2, 31, 344873
List the prime factors of 1569736831.
13, 59, 673, 3041
What are the prime factors of 167948090?
2, 5, 181, 92789
What are the prime factors of 1616151364?
2, 59, 6848099
What are the prime factors of 1037378835?
3, 5, 4177, 5519
What are the prime factors of 111279654?
2, 3, 17, 363659
What are the prime factors of 340123385?
5, 7, 9717811
List the prime factors of 24924805.
5, 17, 47, 367
List the prime factors of 219730066.
2, 17, 127, 151, 337
What are the prime factors of 48771934?
2, 24385967
What are the prime factors of 222309752?
2, 7, 67, 193, 307
List the prime factors of 133412313.
3, 31, 1434541
What are the prime factors of 151042623?
3, 50347541
What are the prime factors of 415442854?
2, 73, 2845499
List the prime factors of 3363823658.
2, 13, 71, 140171
What are the prime factors of 75781002?
2, 3, 11, 17, 29, 137
List the prime factors of 110015693.
23, 4783291
What are the prime factors of 90779950?
2, 5, 1815599
List the prime factors of 792106491.
3, 11, 2417, 9931
What are the prime factors of 2483364273?
3, 13, 63676007
List the prime factors of 316961496.
2, 3, 19, 223, 1039
List the prime factors of 38544798.
2, 3, 109, 58937
List the prime factors of 60781256.
2, 17, 446921
What are the prime factors of 253816651?
11, 79, 292079
What are the prime factors of 36379024?
2, 11, 206699
What are the prime factors of 1616783163?
3, 538927721
What are the prime factors of 328797102?
2, 3, 17, 3223501
List the prime factors of 238819011.
3, 367, 216911
List the prime factors of 28381917.
3, 9460639
What are the prime factors of 476248654?
2, 7, 107, 317923
What are the prime factors of 60618185?
5, 12123637
List the prime factors of 194380828.
2, 48595207
List the prime factors of 538224985.
5, 73, 1474589
List the prime factors of 4940360181.
3, 60992101
What are the prime factors of 966465901?
966465901
List the prime factors of 482933476.
2, 120733369
List the prime factors of 5100153161.
733, 6957917
What are the prime factors of 329437727?
67, 167, 29443
What are the prime factors of 5946280291?
7, 107, 1134137
What are the prime factors of 40450247?
811, 49877
What are the prime factors of 2102899676?
2, 41, 107, 293, 409
List the prime factors of 83114253.
3, 9234917
List the prime factors of 1826016491.
13, 140462807
What are the prime factors of 410635327?
373, 1100899
What are the prime factors of 177863608?
2, 13, 829, 2063
What are the prime factors of 21498319?
17, 1264607
List the prime factors of 294396110.
2, 5, 29, 1015159
List the prime factors of 10065904.
2, 17, 23, 1609
What are the prime factors of 7729897120?
2, 5, 11, 31, 141677
List the prime factors of 44596024.
2, 11, 506773
List the prime factors of 49097198.
2, 67, 366397
What are the prime factors of 30191869?
107, 282167
What are the prime factors of 1435418040?
2, 3, 5, 7, 23, 74297
List the prime factors of 2772018773.
53, 52302241
What are the prime factors of 1668138348?
2, 3, 29, 4793501
List the prime factors of 3634156920.
2, 3, 5, 59, 233, 2203
What are the prime factors of 11857279?
7, 17, 37, 2693
What are the prime factors of 226176817?
19, 11904043
What are the prime factors of 3646852411?
67, 331, 164443
What are the prime factors of 360318547?
89, 4048523
List the prime factors of 236809351.
227, 1043213
List the prime factors of 838541819.
1381, 607199
What are the prime factors of 1409214440?
2, 5, 35230361
What a